 4*f, -d + 4*f = f - 17. What is the remainder when d is divided by h?
5
Suppose 0*q = 4*q + o - 19, q + 4*o - 16 = 0. Suppose 32 - 8 = q*h. What is the remainder when h is divided by 4?
2
Suppose -4*p - 4*k - 68 = -0*k, -4*p - 2*k - 70 = 0. Let g = p - -28. Calculate the remainder when 30 - (2/1 - 1) is divided by g.
9
Let j(a) = a**3 + 7*a**2 - 10*a - 12. Let d be j(-8). Let i = 1 + d. What is the remainder when 6 is divided by i?
1
Suppose 0 = -p - 0 + 8. Let o = 10 + -5. Calculate the remainder when p is divided by o.
3
Suppose -3*i = -8 + 2. Let a(z) = z**3 - 13*z**2 - 15*z + 16. Calculate the remainder when i is divided by a(14).
0
Suppose 4*d + 2*y - 1 = -55, -4*d + 4*y = 72. Let f = d + 32. Calculate the remainder when 33 is divided by f.
16
Let w = 22 - 12. Calculate the remainder when 36 is divided by w.
6
Let w = 22 - 18. Suppose 0 = -w*a - 0*i - 2*i + 190, 0 = -5*a - 5*i + 245. Calculate the remainder when a is divided by 16.
14
Let n(z) = -z**3 + 9*z**2 - 6*z - 11. Calculate the remainder when 23 is divided by n(8).
3
Suppose 5*c = 9 + 6. Calculate the remainder when 14 is divided by c.
2
Let k be (-78)/(-6) + (-1 - 1). Let x = 18 - k. Suppose w + 0 = x. Calculate the remainder when w is divided by 3.
1
Suppose 4*i - 54 = 66. What is the remainder when i is divided by 11?
8
Let q = 48 + -4. Calculate the remainder when 131 is divided by q.
43
Let p = 1 + -20. Let r = 11 + -24. Let s = r - p. Calculate the remainder when 10 is divided by s.
4
Let c = -73 - -42. Let i = -14 - c. Calculate the remainder when i is divided by 5.
2
Suppose 20 = 4*x - 0*x. Let i(b) = 3*b - 2. Let n(m) = -5*m - 6. Calculate the remainder when n(-6) is divided by i(x).
11
Let d(w) = w**3 - 5*w**2 + 6*w - 4. Let n be d(4). Suppose -4*h - n*x + 32 = -28, -4*h + 4*x + 44 = 0. Calculate the remainder when 37 is divided by h.
11
Suppose 3*q = -14 + 2. Calculate the remainder when 42 is divided by (-42)/q + (-3)/(-6).
9
What is the remainder when 61 is divided by ((-8)/1)/((-2)/4)?
13
Let s(f) = f**3 + 9*f**2 - 9*f - 10. Let t be s(-8). Suppose 7*o = 5*o + t. What is the remainder when o is divided by 33?
30
Suppose 8*i - 196 = 4*i. Let o = 38 + i. Calculate the remainder when o is divided by 15.
12
Suppose 3*p - 515 = -q + 185, 3*p - 5*q = 676. Calculate the remainder when p is divided by 39.
37
Let m(r) = -3*r - 11. Let q(v) = -8*v**3 - 5 - 2*v**2 + 3 + 17*v**3 + 3. What is the remainder when m(-8) is divided by q(1)?
5
Suppose -2*a + 2*j + 1031 = 223, -4*a + 1612 = -3*j. What is the remainder when (1/(-2))/((-8)/a) is divided by 13?
12
Suppose u + 1 + 0 = -3*l, 0 = -5*l - 4*u - 11. Suppose 4*b - 90 - 62 = 0. Calculate the remainder when b is divided by -2 - (63/(-3) - l).
18
Let h = 5 - 3. Suppose -5*a + 45 = -3*y, -h*y + 0*y = 2*a - 18. Let f(d) = -17*d - 1. Calculate the remainder when f(-1) is divided by a.
7
Suppose 3*x = 9*x - 378. Calculate the remainder when x is divided by 17.
12
Let o = 7 + -3. Let i(l) = 2*l**2 - 4*l + 4. Let r be i(3). Suppose o*x - 2 = r. Calculate the remainder when 4 is divided by x.
1
Suppose 2*a = 4*g + 74, 2*g = 4 - 2. What is the remainder when 111 is divided by a?
33
Suppose -4*b + 396 = -0*b. What is the remainder when b is divided by 50?
49
Suppose 2*m = -0*m. Calculate the remainder when 27 is divided by 0 + m + (-35)/(-5).
6
Suppose 0 = -5*p - 30 + 125. Let q = -239 + 294. What is the remainder when q is divided by p?
17
Let t be 4 + -2 + -3 + 3. Let m be t + -1 + (1 - 3). Calculate the remainder when 62/2 + (m - -3) is divided by 17.
16
Let z(r) = -r + 5. Calculate the remainder when (-60)/(-20)*41/3 is divided by z(-6).
8
Let h be -5*(0/3 - 1). Suppose 5*w - h*x = -0*x - 25, 0 = 4*w - x + 11. Calculate the remainder when 10 is divided by (1 - -2)/(w/(-4)).
4
Calculate the remainder when 30 is divided by (7/(-2) - -3)/(1/(-8)).
2
Let z(i) = i + 12. Let p = 36 + -31. Let q = p - -30. What is the remainder when q is divided by z(0)?
11
Suppose -v - 52 = -k, 3*v = -k + 75 - 31. Suppose -17 + 4 = -j. What is the remainder when k is divided by j?
11
Let s = -5 - -5. Suppose s = -4*h - 1 - 7. What is the remainder when h + (2 + 0 - -50) is divided by 13?
11
Suppose -6 + 38 = 4*z. Suppose 2*i - 2*s = -4*s + 12, 2*i - 14 = -4*s. Calculate the remainder when z is divided by i.
3
Suppose -107 = -2*i - b + 5, -5*i + b = -273. Calculate the remainder when i is divided by 29.
26
Suppose n + 15 = -3*m - 3*n, 8 = 4*m - 4*n. Let o = m - -3. Suppose -o*x = 3*x - 85. Calculate the remainder when 33 is divided by x.
16
What is the remainder when 2/10 + 387/15 is divided by 9?
8
Suppose 5*l - 4*x - 281 = 177, 0 = 2*l + 3*x - 174. What is the remainder when l is divided by 24?
18
Let o(u) = u - 12. Let a be o(9). Let l = a + 6. Calculate the remainder when 11 is divided by l.
2
Suppose 0 = 5*d - 5*f - 190 - 320, 5*d = 2*f + 510. Calculate the remainder when d is divided by 21.
18
Let r(d) = -d**2 + 8*d - 8. Let x be r(8). Let f(g) = -g**3 - 8*g**2 - 2*g - 6. Calculate the remainder when 19 is divided by f(x).
9
Calculate the remainder when 1 - -2 - 6 - -12 is divided by 3.
0
Suppose 3*q = -2*a - 0*a + 9, -29 = -4*a + 5*q. Suppose -5*u + a = -2*u. What is the remainder when 5 is divided by (u + 0 - -1)*1?
2
Let m(w) = 1 - 3*w - 3*w + w + w**2. Let x be m(3). Let n(z) = -z + 3. Calculate the remainder when 15 is divided by n(x).
7
Suppose j + 5*u = 25, 8*j - 3*j = 5*u + 125. Calculate the remainder when 54 is divided by j.
4
Let l = -22 - -50. Suppose -11 + 74 = -3*u. Let a = u - -31. Calculate the remainder when l is divided by a.
8
Let z = 4 + -7. Let u(n) = -4*n - 2. Calculate the remainder when 29 is divided by u(z).
9
Suppose 5*m - 1 - 19 = 0. Let u be -1 + 2 + -1 - -5. Suppose 19 = -u*a + 54. Calculate the remainder when a is divided by m.
3
Let t = -10 - -26. Let f = 25 + 22. Calculate the remainder when f is divided by t.
15
Let f = -23 - -32. Calculate the remainder when 53 is divided by f.
8
Let c(w) = w**3 - 8*w**2 + 23*w - 2. What is the remainder when c(6) is divided by 11?
9
What is the remainder when 12 - (-1 - -2)/(-1) is divided by 7?
6
Suppose -3*u + 45 = -a, -2*u - 5*a + 10*a = -30. Suppose 5*i = u + 5. Let t(z) = -z**3 + 4*z**2 + 6*z - 3. What is the remainder when 61 is divided by t(i)?
19
Let z(i) = 6*i**2 - 5*i + 3. Calculate the remainder when z(4) is divided by 9.
7
Calculate the remainder when (17 - 13) + (-1 - -2) + 35 is divided by 14.
12
Calculate the remainder when 9 is divided by (4 - 153/27)/((-1)/3).
4
Let o = 15 - 10. What is the remainder when o is divided by 4?
1
Let q = 8 - 5. Let y = q + -3. Suppose -b + 0*b + 16 = y. Calculate the remainder when b is divided by 6.
4
Let t(n) = 11*n + 11. Let m(w) = 7*w + 7. Let o(g) = 8*m(g) - 5*t(g). What is the remainder when 6 is divided by o(1)?
0
Let o(d) = d**3 + 5*d**2 + 4. Let k be o(-4). Let j be 12/(-10)*k/(-6). Calculate the remainder when (-2)/(-2)*j/2 is divided by 2.
0
Calculate the remainder when 92 is divided by (6 + (2 - 0))/((-1)/(-2)).
12
Suppose -v = 3 - 0, -v + 9 = 3*y. Let m be (-306)/(-4) + 6/(-4). Suppose y*s - s = m. What is the remainder when s is divided by 13?
12
Let j(c) = -c**2 + c + 5. Let t(q) = q - 3. Let s be t(3). What is the remainder when 7 is divided by j(s)?
2
Suppose 3*f = -2*v + 28 - 8, 2*v = -f + 24. Suppose 37 + 3 = 5*q. What is the remainder when v is divided by q?
5
Suppose -m = -0*m - 2. Suppose -248 = -2*o - m*o. Suppose -64 = -5*r + r. What is the remainder when o is divided by r?
14
Let y = -13 - -23. What is the remainder when 38 is divided by y?
8
Suppose 18 = m + 2*m. Suppose -v - 5*k = 11, 0 = -k - k - m. Calculate the remainder when 6 is divided by v.
2
Suppose 5*d + w + 2*w - 59 = 0, 4*w + 60 = 4*d. Calculate the remainder when 20 is divided by d.
7
Suppose 0 = -3*x + 2*x + 103. Calculate the remainder when x is divided by 27.
22
Suppose -2*f + 3*f - 21 = 0. What is the remainder when 39 is divided by f?
18
Let r = 22 - 18. Suppose 50 = r*t + t. What is the remainder when 37 is divided by t?
7
Suppose 0*o - 4*o = -56. What is the remainder when 55 is divided by o?
13
Let g(v) = v**2 - 13*v + 29. Let w(t) = t**2 + 9. Calculate the remainder when g(12) is divided by w(0).
8
Let d(c) = -c. Let k(l) = l**3 + 4*l**2